29*c + 2*c - 24*c. Let a be z(-3). Let t be ((-1224)/36 - -59) + (-24)/3. What is the highest common factor of a and t?
17
Suppose 160 = 6*i - 380. Suppose i = -2*m + 4*m. Let u be (-73)/(-4) + 10/(-40). What is the highest common divisor of u and m?
9
Let g = -595 - -1159. Let d = g - 445. Calculate the highest common factor of d and 35.
7
Let o(m) = -428*m**3 + 2*m + 1. Let p be o(-1). Let d(l) = -288*l + 6631. Let x be d(23). Calculate the greatest common factor of x and p.
7
Let v(g) = 3*g - 316. Let c(j) = j - 159. Let t(f) = 11*c(f) - 6*v(f). Let x be t(8). What is the greatest common factor of x and 26?
13
Suppose 8083 + 5549 = 8*s. What is the highest common divisor of s and 48?
24
Let j be (0 + -2)*351/(-78). Let v = -80 - -683. Calculate the highest common factor of j and v.
9
Let t be (-26)/(-65) - (0 - 5124/15). Calculate the highest common factor of 38 and t.
38
Let w = -816 + 864. Calculate the highest common factor of w and 624.
48
Let b(r) = 2*r**2 - 3*r - 7. Let j be b(-3). Let v = j + 2. Suppose -5*g + 187 = -583. What is the highest common divisor of g and v?
22
Let k = -66 + 119. Let l = -2335 + 2706. What is the highest common factor of l and k?
53
Let l(o) = o**3 - 12*o**2 + 10*o - 7. Let j be l(10). Let x = -89 - j. Suppose -x*f + 350 = -13*f. Calculate the highest common factor of 28 and f.
14
Suppose -c = i - 4*i - 5, 3 = 3*i. Let l be ((-14)/c)/(2/(-792)*3). What is the highest common divisor of l and 33?
33
Let r(d) = -59*d**2 + 143*d - 5. Let q be r(2). Calculate the greatest common factor of q and 2535.
15
Let i be (4 - 1)*(20350/15)/(-11). Let l = i - -610. What is the greatest common divisor of l and 32?
16
Suppose 0 = 3*p + 6*g - 369, 0 = -16*p + 14*p - 2*g + 234. What is the greatest common divisor of p and 1443?
111
Let g(b) = 71*b - 2307. Let a be g(33). What is the highest common factor of a and 1536?
12
Let g = 0 + 0. Suppose 4*b - 28 = 4*i, g = i - 6*i - b - 5. Let m be (45/(-6) + 2)*i. Calculate the highest common factor of 22 and m.
11
Let c be 1/((-21)/(-6)) + (-900)/(-84). Suppose c*a = -45 + 287. Calculate the greatest common factor of a and 33.
11
Suppose 0 = 5*a + 10, -4*a - 748 = -0*c - 5*c. Let b be 4650/125 - (-3)/(-15). What is the highest common factor of b and c?
37
Let m(c) = -c**3 - c**2 + c + 66. Let j be m(0). Suppose j*d - 1320 = 22*d. What is the greatest common factor of d and 690?
30
Let x be (-2443)/(-42) + (-2)/12. Let i = 58 - x. Let y be (-40)/10 - (i - 8*1). Calculate the highest common divisor of 20 and y.
4
Let j(i) = -58*i - 2049. Let x be j(-36). What is the highest common divisor of x and 120?
3
Let t be 16462/24 + (-11 + (-1859)/(-132) - 3). Calculate the greatest common divisor of t and 6.
2
Let v(y) = 2*y**3 - 6*y**2 - 2*y + 15. Let b be v(4). Suppose b*s + 8 = 37*s, 4*r + 3*s = 3124. What is the greatest common divisor of 16 and r?
16
Let n = -294 + 308. Suppose -787 + 3335 = n*d. What is the greatest common factor of 78 and d?
26
Let m be 21*(-3 - -2)/(-1). Suppose 331 = -u + h, 4*u = 5*u + h + 333. Let n = u + 437. Calculate the greatest common factor of n and m.
21
Suppose -458 = -8*p - 346. Let s(d) = 3*d**2 + 7*d + 4. Let r be s(-6). Calculate the highest common factor of p and r.
14
Suppose 4*z - d = 17001 - 2185, 4*z - 3*d - 14816 = 0. What is the greatest common divisor of 8 and z?
8
Let b be (-10)/(420/(-18)) - (-2 - 402/42). Calculate the highest common divisor of 25548 and b.
12
Suppose 589 = 4*a + 81. Suppose -4*b + 37 = -a. Calculate the highest common factor of 451 and b.
41
Let b(t) = -134*t + 3234. Let d be b(24). Let s = -5 + 11. What is the highest common divisor of s and d?
6
Suppose -19138 = -3*u - 5*v, -2*u = -116*v + 118*v - 12756. Calculate the greatest common factor of u and 24.
8
Let f be 2 + 770 + -2*1. Let l = f - 542. Let j = -190000 - -190012. What is the greatest common divisor of j and l?
12
Let w = -58096 - -58219. Let j(m) = -m - 3. Let c be j(-6). What is the highest common factor of c and w?
3
Suppose o - 4*s = 671 - 72, -5*o = s - 2974. Let l(g) = 424*g**2 - 813*g. Let x be l(2). What is the greatest common divisor of o and x?
35
Suppose 0 = 3*y + 2*i - 69, -40 = -5*y + 3*i + 56. Let a be 1*(-21)/7 - -10. Suppose -a = -o + y. What is the highest common divisor of 7 and o?
7
Let u be 12*((-91)/(-14))/13. Let b(n) = n + 7. Let p be b(-4). Calculate the greatest common factor of u and p.
3
Let i be 0 + (-161)/(-4) - 489/(-652). Calculate the highest common divisor of 7544 and i.
41
Let i be 113 + 4 - (-6)/3. Let x(h) = -h**3 - 20*h**2 - 50*h + 51. Let q be x(-17). Calculate the greatest common factor of q and i.
17
Let g = 493 - 491. Suppose 302 = g*u - 94. What is the highest common divisor of u and 36?
18
Suppose 8*t - 474 = -127 - 27. Calculate the greatest common factor of 1260 and t.
20
Let g be (-52156)/(-364) - ((-16)/(-7) - 2). Suppose -3*a + 393 = 3*v, 3*v + a = -g + 532. What is the highest common factor of 3 and v?
3
Let c = 1358 + 1027. Let d be ((-6)/4)/(c/800 - 3). Suppose 3*o = 5*a - 94, o = -3*a - 33 + 95. Calculate the highest common divisor of d and a.
20
Suppose -149 = -g - 5. Suppose 5 = 10*m - 35. Suppose 4*p = -2*y - m + 78, 3*y - 31 = -p. Calculate the highest common factor of g and p.
16
Let t be (-220)/(-15) + (-2 - (-8)/6). Let o(x) = x**3 - 18*x**2 + 56*x + 4. Let b be o(t). What is the highest common factor of b and 11?
1
Let g = 272 + -272. Suppose 4*w = -g*w + 44. What is the highest common divisor of w and 176?
11
Let y = -110 + 76. Let o = y + 67. Let u be (121/(-55))/(2/(-10)). What is the highest common factor of u and o?
11
Let m(k) = 3*k**2 - 90*k - 73. Let l be m(31). Suppose h + 5*r = 100, 0 = -5*h - 2*r + 146 + 400. Calculate the highest common factor of l and h.
10
Suppose 12*v + 793 = 3085. Suppose -k - g + v = 0, -k + g = 3*g - 195. Suppose -4*c + 73 = 5. Calculate the highest common factor of c and k.
17
Suppose -5224 - 1967 = 9*j. Let v = j - -836. Calculate the highest common factor of 592 and v.
37
Suppose s = -15 + 124. Let f = -1 + s. Calculate the greatest common divisor of 12 and f.
12
Suppose 5*j - j + 2*w - 12 = 0, 4*j = w + 24. Suppose j*t - 247 = -0*v - 3*v, v = -2*t + 99. Calculate the greatest common factor of t and 40.
10
Let l(d) be the second derivative of d**4/12 - 8*d**3/3 - 4*d**2 + 16*d. Let a be l(13). Let b = a + 57. Calculate the highest common divisor of b and 25.
5
Let z be (-34)/5 - -9*(-1)/45. Let y be 2*1 - (z - 99). What is the highest common divisor of 9 and y?
9
Suppose -3*n = -18*n - 7425. Let s = n + 535. Calculate the greatest common factor of s and 520.
40
Let p = -7 - -5. Let s be (p/(-2) - -1)*2. Let w = 5446 + -5426. Calculate the greatest common factor of s and w.
4
Let c be 33/(-3) + 874 + -65. Calculate the highest common factor of 6 and c.
6
Suppose -181 - 215 = -31*s + 20*s. What is the greatest common divisor of 549 and s?
9
Suppose -3*u = -4*t - 3452, -2*u + 10*t - 8*t = -2302. What is the highest common divisor of u and 720?
144
Suppose -26*b - 759 = -4295. Calculate the highest common factor of b and 48.
8
Let q be (-4)/((24/(-1017))/(-4)). Let g be 18*(q/(-60) - (-4)/20). What is the highest common divisor of g and 69?
69
Suppose -214*s + 165*s + 6664 = 0. What is the greatest common factor of 808 and s?
8
Let y = 26217 - 23233. What is the highest common divisor of y and 16?
8
Suppose -3*r - 3 = 0, y + 10*r - 5*r = 123. What is the greatest common factor of 40 and y?
8
Suppose 0 = r + 2*r - 60. Suppose 2267*g - 2281*g = -224. What is the greatest common factor of g and r?
4
Let d(p) = -19*p + 18. Let t be d(-5). Suppose 4*q - t = -5*v, -5*q + 9*v - 8*v = -134. Let y = q - 24. What is the highest common divisor of y and 24?
3
Suppose -5*h - 835 = -1039 - 2361. What is the highest common divisor of 1653 and h?
57
Suppose 108*l - 2210 = 103*l. What is the highest common divisor of l and 26?
26
Let z be 4/(-12) - (-1387)/3. Suppose i = -7*c + 88 + 73, -3*i + 87 = 3*c. What is the greatest common factor of z and c?
22
Let q(b) = 4*b**2 - 26*b + 16. Let n be q(15). Suppose 11*o - 4310 = -n. What is the greatest common divisor of o and 43?
43
Let h = -187 - -355. Suppose h = -16*n + 37*n. Suppose 0 = -2*v + 5*x + 191, 161 = 2*v - 2*x + 7*x. What is th